Dec 01 15:30:11.636 INFO testing iBelieve/rasp against master#8940af3cea4a9a9deabcaf843b2f8cad9a83fc61 for beta-1.31-5
Dec 01 15:30:11.636 INFO running `"docker" "create" "-v" "/mnt/big/crater/work/local/target-dirs/beta-1.31-5/worker-3/master#8940af3cea4a9a9deabcaf843b2f8cad9a83fc61:/target:rw,Z" "-v" "/mnt/big/crater/work/local/test-source/worker-3/beta-1.31-5/master#8940af3cea4a9a9deabcaf843b2f8cad9a83fc61:/source:ro,Z" "-v" "/mnt/big/crater/work/local/cargo-home:/cargo-home:ro,Z" "-v" "/mnt/big/crater/work/local/rustup-home:/rustup-home:ro,Z" "-e" "USER_ID=1000" "-e" "SOURCE_DIR=/source" "-e" "USER_ID=1000" "-e" "CMD=cargo +8940af3cea4a9a9deabcaf843b2f8cad9a83fc61-alt build --frozen" "-e" "CARGO_TARGET_DIR=/target" "-e" "CARGO_INCREMENTAL=0" "-e" "RUST_BACKTRACE=full" "-e" "RUSTFLAGS=--cap-lints=warn" "-e" "CARGO_HOME=/cargo-home" "-e" "RUSTUP_HOME=/rustup-home" "-m" "1536M" "--network" "none" "crater"`
Dec 01 15:30:12.151 INFO [stdout] 21f6e42590435caa6a75526abadeb7e88b18ba79a9467051cb2fabe5ba804993
Dec 01 15:30:12.159 INFO running `"docker" "start" "-a" "21f6e42590435caa6a75526abadeb7e88b18ba79a9467051cb2fabe5ba804993"`
Dec 01 15:30:13.631 INFO [stderr] usermod: no changes
Dec 01 15:30:13.737 INFO [stderr]    Compiling libc v0.2.40
Dec 01 15:30:13.737 INFO [stderr]    Compiling runtime-fmt v0.3.0
Dec 01 15:30:14.397 INFO [stderr] error[E0554]: #![feature] may not be used on the beta release channel
Dec 01 15:30:14.397 INFO [stderr]   --> /cargo-home/registry/src/github.com-1ecc6299db9ec823/runtime-fmt-0.3.0/src/lib.rs:17:1
Dec 01 15:30:14.397 INFO [stderr]    |
Dec 01 15:30:14.397 INFO [stderr] 17 | #![feature(fmt_internals)]
Dec 01 15:30:14.397 INFO [stderr]    | ^^^^^^^^^^^^^^^^^^^^^^^^^^
Dec 01 15:30:14.397 INFO [stderr] 
Dec 01 15:30:14.397 INFO [stderr] error[E0554]: #![feature] may not be used on the beta release channel
Dec 01 15:30:14.397 INFO [stderr]   --> /cargo-home/registry/src/github.com-1ecc6299db9ec823/runtime-fmt-0.3.0/src/lib.rs:18:1
Dec 01 15:30:14.397 INFO [stderr]    |
Dec 01 15:30:14.397 INFO [stderr] 18 | #![feature(conservative_impl_trait)]
Dec 01 15:30:14.397 INFO [stderr]    | ^^^^^^^^^^^^^^^^^^^^^^^^^^^^^^^^^^^^
Dec 01 15:30:14.397 INFO [stderr] 
Dec 01 15:30:14.397 INFO [stderr] error[E0554]: #![feature] may not be used on the beta release channel
Dec 01 15:30:14.397 INFO [stderr]   --> /cargo-home/registry/src/github.com-1ecc6299db9ec823/runtime-fmt-0.3.0/src/lib.rs:19:1
Dec 01 15:30:14.397 INFO [stderr]    |
Dec 01 15:30:14.397 INFO [stderr] 19 | #![feature(specialization)]
Dec 01 15:30:14.397 INFO [stderr]    | ^^^^^^^^^^^^^^^^^^^^^^^^^^^
Dec 01 15:30:14.397 INFO [stderr] 
Dec 01 15:30:14.397 INFO [stderr] error[E0554]: #![feature] may not be used on the beta release channel
Dec 01 15:30:14.397 INFO [stderr]   --> /cargo-home/registry/src/github.com-1ecc6299db9ec823/runtime-fmt-0.3.0/src/lib.rs:20:1
Dec 01 15:30:14.397 INFO [stderr]    |
Dec 01 15:30:14.397 INFO [stderr] 20 | #![feature(print_internals)]
Dec 01 15:30:14.397 INFO [stderr]    | ^^^^^^^^^^^^^^^^^^^^^^^^^^^^
Dec 01 15:30:14.397 INFO [stderr] 
Dec 01 15:30:14.397 INFO [stderr] error[E0554]: #![feature] may not be used on the beta release channel
Dec 01 15:30:14.397 INFO [stderr]   --> /cargo-home/registry/src/github.com-1ecc6299db9ec823/runtime-fmt-0.3.0/src/lib.rs:21:1
Dec 01 15:30:14.397 INFO [stderr]    |
Dec 01 15:30:14.397 INFO [stderr] 21 | #![feature(rustc_private)]
Dec 01 15:30:14.397 INFO [stderr]    | ^^^^^^^^^^^^^^^^^^^^^^^^^^
Dec 01 15:30:14.397 INFO [stderr] 
Dec 01 15:30:14.397 INFO [stderr] error[E0554]: #![feature] may not be used on the beta release channel
Dec 01 15:30:14.397 INFO [stderr]   --> /cargo-home/registry/src/github.com-1ecc6299db9ec823/runtime-fmt-0.3.0/src/lib.rs:22:1
Dec 01 15:30:14.397 INFO [stderr]    |
Dec 01 15:30:14.397 INFO [stderr] 22 | #![feature(try_from)]
Dec 01 15:30:14.397 INFO [stderr]    | ^^^^^^^^^^^^^^^^^^^^^
Dec 01 15:30:14.397 INFO [stderr] 
Dec 01 15:30:14.397 INFO [stderr] error: aborting due to 6 previous errors
Dec 01 15:30:14.397 INFO [stderr] 
Dec 01 15:30:14.397 INFO [stderr] For more information about this error, try `rustc --explain E0554`.
Dec 01 15:30:14.399 INFO [stderr] error: Could not compile `runtime-fmt`.
Dec 01 15:30:14.399 INFO [stderr] warning: build failed, waiting for other jobs to finish...
Dec 01 15:30:15.794 INFO [stderr] error: build failed
Dec 01 15:30:15.795 INFO [stderr] su: No module specific data is present
Dec 01 15:30:16.913 INFO running `"docker" "inspect" "21f6e42590435caa6a75526abadeb7e88b18ba79a9467051cb2fabe5ba804993"`
Dec 01 15:30:17.341 INFO running `"docker" "rm" "-f" "21f6e42590435caa6a75526abadeb7e88b18ba79a9467051cb2fabe5ba804993"`
Dec 01 15:30:17.615 INFO [stdout] 21f6e42590435caa6a75526abadeb7e88b18ba79a9467051cb2fabe5ba804993
